te the highest common divisor of 335 and k.
5
Let c = 21 - -7. What is the greatest common factor of 56 and c?
28
Suppose -3*b - 2*b = 3*p + 346, 0 = -b - 4*p - 76. Let l = -516 - -476. Let u = l - b. Calculate the highest common divisor of 84 and u.
28
Suppose -5*l + 5*m + 1639 + 311 = 0, 3*m = 0. What is the greatest common divisor of l and 120?
30
Suppose -n + 10 = 4*n. Suppose -2*j - 24 = 2*a, 4*j - 14 = 4*a + n. Let q be (-6)/a*(21 + 3). What is the highest common factor of 18 and q?
18
Suppose 0 = 5*r - 5*m - 117 - 38, -2*m + 176 = 5*r. What is the highest common divisor of r and 544?
34
Suppose -3*s + 2*r + 31 = 0, r = -5*s - 3*r + 15. Suppose 109 = 106*k - 81*k - 66. Calculate the greatest common divisor of k and s.
7
Let a(d) = d + 1 + 3*d**2 - 2 + 4*d**2 + d + d**3. Let m be a(-6). What is the highest common factor of m and 207?
23
Let j(h) = -h**3 - h**2 + 7*h + 11. Let l be j(-3). What is the greatest common divisor of 424 and l?
8
Let k = -135 - -159. What is the greatest common factor of k and 1?
1
Let h(n) = -n**2 - 4*n - 1. Let k be h(-3). Suppose -4*b + 34 = -2*l, 3*b = 3*l + k*l + 43. Calculate the highest common factor of 4 and b.
2
Let j(h) = 3*h - 24. Let l be j(7). Let b be (13 + (-1 - l))*4/6. Calculate the greatest common factor of 25 and b.
5
Suppose -2*q = 188 - 256. Calculate the greatest common divisor of q and 272.
34
Let x = -20 + -226. Let j = x - -344. Suppose 4*u = 5*i + j, 2*u - 2*i - i = 48. What is the greatest common factor of u and 3?
3
Suppose 5*b - 3*i = 108, 6 = -5*i + 1. Suppose -2*r + 4*r - 15 = -5*o, 0 = -2*o - 2*r + 6. Calculate the greatest common divisor of b and o.
3
Suppose -k - 4 = -23. Calculate the highest common divisor of k and 171.
19
Let l = -44 + 44. Let y be (2 + l)/(2*(-2)/(-14)). Suppose 0 = 3*t - 2*t - 56. What is the greatest common factor of t and y?
7
Suppose 30 = -3*q + 8*q. Suppose 2*j - 28 = q*j. Let y = 23 + j. What is the greatest common factor of y and 4?
4
Suppose 5*s = 2*j + 5, -5*s = -j + 3*j - 45. Let l(n) = -n + 30. Let b be l(j). What is the greatest common factor of 60 and b?
20
Suppose -3*p = g - 150, -3*g + 210 = 4*p + 5. Suppose -3*s + 510 = 447. What is the highest common factor of p and s?
7
Let w be (1 + (-238)/4)*-2. What is the highest common divisor of 65 and w?
13
Suppose 0 = -69*v + 730 + 451 - 284. Let o be 2451/21 + (-4)/(-14). Calculate the greatest common factor of v and o.
13
Suppose -3*n = -4*k + 3*k - 336, 2*n + 3*k = 213. Calculate the greatest common factor of n and 1147.
37
Suppose -z + 5 = 23. Let f(v) = v**2 - 18*v - 34. Let u be f(19). Let q = u - z. Calculate the greatest common factor of q and 3.
3
Suppose 37 = 4*x - 3. Let o be (-889)/(-35) - (-6)/x. What is the highest common factor of o and 26?
26
Let m(d) = -24*d - 77. Let v be m(-11). What is the greatest common factor of 17 and v?
17
Let y be (14/5)/((-5)/(-125)). What is the greatest common divisor of 14 and y?
14
Let p be (1 - 61)/((-156)/104). Calculate the highest common factor of p and 10.
10
Let j(u) = 2*u**2 + 41*u**2 + 37*u - 35*u + 2 - 2*u**2. Let b be j(-1). What is the greatest common divisor of b and 82?
41
Suppose -2*b - 6357 = -1737. Let c be (b/(-18))/(1/3). Suppose -k + c = 4*k. What is the highest common factor of k and 11?
11
Suppose -5*j + h = -h + 35, 29 = -j - 4*h. Let l be (j/(-21))/(-1) + 118/14. Let k be (4 + -1)/(-3) + 33. Calculate the greatest common factor of l and k.
8
Suppose -15869 = -14*s - 1029. Calculate the greatest common factor of 20 and s.
20
Let o(p) = p**3 + p**2 - 2*p + 2. Let k be o(-2). Suppose -4*v - k = -102. Let c(i) = -2*i + 1. Let l be c(-2). What is the greatest common divisor of v and l?
5
Suppose 0 = 172*w - 175*w + 69. Calculate the highest common factor of w and 184.
23
Let a(o) = -2*o**3 + 10*o**2 + 2*o + 6. Let m be a(5). Let w = 30 - m. What is the greatest common factor of 28 and w?
14
Suppose -j = -4*j + 12. Suppose j*f + 2*x - 24 = -0*f, -4*f + 4*x + 36 = 0. Suppose -f*l - 264 = -11*l. Calculate the greatest common divisor of l and 6.
6
Let g be (33/(-7) - -5) + (-836)/(-14). Let v = 3 + 12. Calculate the highest common divisor of g and v.
15
Let u(x) = -x**2 + 10*x - 2. Let f be u(8). Suppose 1 = 5*y - f. Suppose 5*h = 5*d + y*h - 26, 2*d = -2*h + 16. What is the greatest common divisor of 6 and d?
6
Let u(k) = k**2 + 8*k - 45. Let w be u(-12). Suppose -5*n = -2*m - 1257, w*n + 2*m = n + 514. Calculate the greatest common factor of 11 and n.
11
Suppose -206 = -2*a + n, 0 = -a + 30*n - 31*n + 109. What is the greatest common divisor of a and 285?
15
Let m(w) = 8*w + 60. Let j be m(-7). Calculate the greatest common factor of 4 and j.
4
Suppose -x = 2*x - 48. Let v = x + -1. Let q = 5 + -2. Calculate the greatest common divisor of q and v.
3
Suppose 2 + 16 = 3*u. Suppose -u = -3*p - 3. Let i be 22/3 + 2/(-6). What is the highest common factor of i and p?
1
Let q(k) = 403*k + 211. Let p be q(2). Calculate the highest common factor of 226 and p.
113
Suppose 33 = 4*p - 43. Let f = 24 - p. What is the highest common factor of 10 and f?
5
Let n be (-718)/(-18) - 50/(-450). Calculate the highest common factor of 140 and n.
20
Suppose a = p + 136, -a + 2*p - 57 = -194. Let l = 26 - 2. Suppose -l = -2*v + 6. What is the highest common divisor of v and a?
15
Let v be ((-36)/(-54))/(4/114). Let c = 77 + -41. Let r = -17 + c. Calculate the highest common divisor of r and v.
19
Let i(h) = -h + 4. Let k be i(-1). Suppose -2*x - 116 = 2*j - k*j, 3*x = j - 34. What is the greatest common divisor of 160 and j?
40
Suppose 0 = 14*w - 756 - 5488. Suppose h + 2*g = 106, 4*h - 8*g - w = -5*g. Calculate the greatest common divisor of 44 and h.
22
Let g = 110 + -182. Let z = 89 + g. Calculate the highest common factor of z and 17.
17
Suppose -4*q - 244 - 432 = 0. Let a = -160 - q. What is the greatest common factor of 1 and a?
1
Let m(s) = s**2 + 15*s - 34. Let j = -75 + 56. Let q be m(j). What is the highest common factor of q and 21?
21
Let v(c) = -8*c + 232. Let y be v(23). Calculate the greatest common divisor of y and 216.
24
Let q(r) = -204*r - 259. Let o be q(-12). What is the greatest common factor of o and 11?
11
Let m(p) = 16*p**2 - 9*p + 78. Let j be m(6). What is the highest common factor of 75 and j?
75
Let l(u) = -23*u**3 + 2 + 2*u - 6 + 4 + 2. Let p be l(-1). What is the highest common factor of p and 69?
23
Suppose 112*z + 312 = 114*z - 4*d, 0 = -4*z - d + 588. Calculate the highest common factor of 666 and z.
74
Let i(p) = -p**2 + 3*p + 8*p**3 + 7*p**2 + 6 - 7*p**3. Let s be i(-4). What is the highest common factor of 234 and s?
26
Let g(n) = 24*n + 104. Let k be g(-4). What is the highest common factor of k and 24?
8
Let g be (-1 + -2)/(3*1/(-116)). Suppose g = 4*b - 8. What is the highest common divisor of b and 279?
31
Suppose 2*s = -4 + 6. Let w = 30 + -23. Calculate the greatest common divisor of w and s.
1
Suppose -3*i = i + 272. Let k = 108 + i. What is the greatest common factor of 5 and k?
5
Let y(p) = 2*p**2 - 11*p + 14. Let i be y(6). What is the highest common divisor of i and 60?
20
Let l = -1267 - -1342. Calculate the greatest common divisor of 3 and l.
3
Let f = 66 + -22. Let d = -7 - -21. Let k = d - 3. What is the greatest common factor of f and k?
11
Suppose -13*j + 2056 + 2390 = 0. Calculate the highest common divisor of 285 and j.
57
Suppose i - 2*n - 134 = 0, i = -i - n + 248. Let y be ((-50)/(-3))/((-6)/27). Let c = y + i. What is the highest common factor of c and 17?
17
Let j be ((-2)/7 + (-77)/(-98))*50. What is the highest common divisor of j and 200?
25
Let u be 312 + (6/(-10))/((-4)/20). Suppose 0 = -4*t + 5*i + 325, -2*t - 2*t + 3*i + u = 0. What is the highest common divisor of 30 and t?
15
Suppose -3*m = 12, -6 = 2*d - 3*m - 2*m. Let k = d - -9. Let i be 7 + k + -6 - -220. Calculate the highest common factor of 31 and i.
31
Let t be 5 + ((-22)/(-4) + -6)*-238. Calculate the greatest common divisor of t and 93.
31
Let a(r) = 5*r - 10. Let h be -2*3*4/(-8). Let m be a(h). Suppose 2*g = m*z - 55, -1 = z + g - 5. What is the greatest common divisor of 18 and z?
9
Let m = -1427 - -1630. Calculate the highest common factor of 145 and m.
29
Suppose -j - 3*x + 56 = x, 0 = 4*j - 2*x - 134. Suppose 5*l - 286 =